the prime factors of k.
23
Suppose 0 = 7*r - 4*r - 12. Suppose -2*z = 5*w + z - 67, 5*w + r*z = 66. Suppose x = -x + w. List the prime factors of x.
7
Suppose 26 = 3*g + 8. Let d(m) = -m**3 + 6*m**2 + 6. List the prime factors of d(g).
2, 3
Let s(x) = x + 7. Let n be s(-4). Suppose 4*o + 147 = 5*y, -3*y - y = n*o - 99. What are the prime factors of y?
3
Let w(r) = -3*r - 7 - 3*r**2 + 27*r**2 + 9. List the prime factors of w(1).
23
Let t(r) = -r + 6*r - 11 - 3*r + 1. Let w be t(9). Suppose 52 + w = 4*i. What are the prime factors of i?
3, 5
Let p = 71 + 79. What are the prime factors of p?
2, 3, 5
Let h(v) = 3*v**2 + 2*v - 3. What are the prime factors of h(-4)?
37
Suppose 0 = 3*z + z - 344. Suppose 0 = 5*q + 4*p - z, -2*q + 4*p + 3 + 9 = 0. List the prime factors of q.
2, 7
Let d(l) = l**2 + 6*l - 3. Let z be d(-7). Suppose -z*s = -2*s. Suppose s = 2*k - 6*k + 24. List the prime factors of k.
2, 3
Let d(w) = 80*w**2 + w. What are the prime factors of d(-1)?
79
What are the prime factors of ((-10700)/15)/10*6/(-4)?
107
Let m = 9 + -20. Let a = m - -14. What are the prime factors of a?
3
Let u(r) = r**3 + 18. Let s be -3 - -1 - 4/(-2). List the prime factors of u(s).
2, 3
Let w = -56 + 124. What are the prime factors of w?
2, 17
Let q(m) = 11*m - 5. Let d be q(7). Suppose 2*r - d = -2*r. What are the prime factors of r?
2, 3
Let i be (6/(-4))/((-6)/32). Let a be (-7 - -9) + (1 - 3). Let t = i + a. List the prime factors of t.
2
Let p = 351 - 115. Suppose 24 = 4*q - p. Suppose -20 = 5*k - q. What are the prime factors of k?
3
Let v be (-2)/(-11) - 546/(-22). Suppose 7*s - 6*s - v = 0. List the prime factors of s.
5
Let p(y) = -y**3 - y**2 - 2*y - 3. Let x be p(-2). Let m = -2 + x. List the prime factors of m.
3
Let k be ((-3)/6)/(1/(-8)). Suppose u = k*u - 3. List the prime factors of (-1)/(u/2) - -15.
13
Let a be (-188)/(-6) - 6/(-9). Suppose 12 = -3*k, z + 3*z - 4*k - a = 0. List the prime factors of z.
2
Let o = -58 - -102. What are the prime factors of o?
2, 11
Suppose -2*d = 3*d + 25. Let t = 7 - d. List the prime factors of t.
2, 3
Suppose -19 = -w + 1. Suppose -w = 3*c - 8, 5*c + 28 = o. What are the prime factors of o?
2
Suppose -4*k + 35 = 3*u - 114, k - 35 = -3*u. What are the prime factors of k?
2, 19
Let z(p) = -p**3 - 2*p**2 - 4. Let j be z(-3). Suppose -5*q + n + 6 = -0, 4*q = n + j. Let c = 4 - q. What are the prime factors of c?
3
Let o = 33 + -15. What are the prime factors of o?
2, 3
Let s = 0 - -4. Suppose -v + 5*a - 2*a = -6, -8 = -2*v + 2*a. Suppose -s*m + h = -45, -v*m + 57 = 2*m - h. List the prime factors of m.
2, 3
Suppose s - 3 + 1 = 0. What are the prime factors of (s*11)/(-1 - -3)?
11
Let a(b) = b**2 + 2*b + 3. List the prime factors of a(-7).
2, 19
Suppose 0 = -4*q - 2*h + 30, -3*q + 41 - 14 = -3*h. What are the prime factors of q?
2
Let i = -1 - -6. Let z be 1*(3 - 1)*1. Suppose z*u = 5*y - 1, 5*u - 8 = i*y + 27. List the prime factors of u.
2, 3
Let u(f) = 5*f**2 + 4. Suppose n + 4*j = 9, -5*n + 5*j = 16 + 14. What are the prime factors of u(n)?
7
Let w(t) = 55*t - 4. List the prime factors of w(2).
2, 53
Suppose -34 = -5*k + 146. Suppose 0*r - 2*r + 3*x = -31, -x = -3*r + k. What are the prime factors of (r/2)/((-1)/(-2))?
11
Let g(h) = h**2 + 3*h - 19. What are the prime factors of g(-10)?
3, 17
Let t(h) = 6*h - 5. What are the prime factors of t(10)?
5, 11
Let w(c) be the third derivative of 1/6*c**3 - 3*c**2 + 0*c + 0 + 3/8*c**4. List the prime factors of w(2).
19
Suppose 0 = -3*g - 2*g + 15. Suppose g*k - 23 = 22. List the prime factors of k.
3, 5
Let l be 4/8 + 10/4. Suppose -2 = l*y - 11. Suppose 0 + 6 = y*w. What are the prime factors of w?
2
Let l = -11 - -13. Suppose 0 = -0*q + l*q - 8. What are the prime factors of q?
2
Let b(o) = o**2 + 5*o. Let g be b(-5). Let f be 1 + g + (-1)/(-1). What are the prime factors of -1*f - (-18)/3?
2
Suppose 4*g - 6*g + 244 = 0. Suppose -3*r + g = 5*u, 0*u - 191 = -4*r - u. What are the prime factors of r?
7
Suppose -4*l = -5*y, 2*l = 2*y - 0*y + 2. Let s be (-2)/y + 108/8. Let q = s - 8. List the prime factors of q.
5
List the prime factors of 8/(-36) - 17110/(-45).
2, 5, 19
Let n(i) = 6*i**2 + i + 2. List the prime factors of n(-2).
2, 3
Let x(n) = n**2 + 7*n - 18. Let s be x(14). What are the prime factors of (-3)/2 + s/8?
3, 11
Let l(a) = a**2 - 8*a + 7. Let s be l(7). Suppose t - 3*t + 64 = s. Suppose -n - 2 + 7 = 2*f, 5*f - t = 4*n. What are the prime factors of f?
2
Let l be (-3 - -2) + (1 - -32). Suppose 3*s + s - l = 0. List the prime factors of s.
2
Let m = 12 + -11. What are the prime factors of 56/2 - (-2 - m)?
31
Let o(n) = n**2 - n + 10. What are the prime factors of o(6)?
2, 5
Let j = -9 + 12. What are the prime factors of 27 + j/3 + -3?
5
Let b = 130 + -79. What are the prime factors of b?
3, 17
Suppose -4*m + 87 = -2*v - 273, 76 = m + 3*v. List the prime factors of m.
2, 11
Suppose 0 = 3*r - d - 2*d - 39, -52 = -4*r + 2*d. Suppose g + 14 = 4*k - k, -5*g - 19 = 2*k. Suppose -r = -k*f + 5. List the prime factors of f.
2, 3
Let j(o) = -95*o + 26. List the prime factors of j(-3).
311
Suppose -8*k + 5*k = -69. What are the prime factors of k?
23
Suppose -7*l + 12*l - 275 = 0. List the prime factors of l.
5, 11
Let y be (-88)/(-5) + (-4)/(-10). Let p = y + 14. Suppose 0 = -3*a + i + p, -24 - 4 = -4*a + 5*i. What are the prime factors of a?
2, 3
Suppose -4*x + 8 + 20 = 0. Suppose 3*n + 8 = x*n. Let p = 8 - n. List the prime factors of p.
2, 3
Suppose -3*w = -4*w. Suppose 0*q + q - 2 = w. Suppose 0*a + q*a - 12 = 0. What are the prime factors of a?
2, 3
Let y = 53 + -32. Suppose -c = -0*c - y. Suppose -x - 6 = -c. What are the prime factors of x?
3, 5
Suppose -14*k + 153 = -11*k. List the prime factors of k.
3, 17
Suppose 2*a + 1 = 7. Let h(s) = s**2 + 2*s - 4. List the prime factors of h(a).
11
Suppose 0 = -6*u + 4*u + 4*f + 700, -5*u = 4*f - 1708. List the prime factors of u.
2, 43
Let l = -1 - 16. Let x = 6 + 18. Let z = x + l. List the prime factors of z.
7
Let a = 14 - -3. Let r = 29 - a. What are the prime factors of r?
2, 3
Suppose -3*i + 18 = r - 6*r, 2*i = 3*r + 11. Let t(y) = 3*y**2. Let f be t(i). What are the prime factors of (0 - -9) + f + -2?
2, 5
Suppose 158 + 142 = 3*p. What are the prime factors of p?
2, 5
Suppose 0 = -2*a + a. Let b = a - -15. What are the prime factors of b?
3, 5
What are the prime factors of 76*(2 - 1) + -1?
3, 5
Let o(j) = -23*j - 5. List the prime factors of o(-2).
41
Suppose -6*r + 155 = -301. What are the prime factors of r?
2, 19
Suppose 12 = 3*c + 306. Let g = c - -59. List the prime factors of ((-1)/(-1))/((-3)/g).
13
Suppose -4*x - 341 = -5*k, -3*k = k + 3*x - 248. What are the prime factors of k?
5, 13
Suppose -s + 5 = -0*s. Let h = s + -7. Let i = h - -11. What are the prime factors of i?
3
Let h = 83 + -11. List the prime factors of h.
2, 3
Let q = -20 + 36. Suppose -g + 0*g = -q. What are the prime factors of g?
2
Let g be 1/(-1) + (6 - 3). Suppose 3*y - 4*d - 49 = 0, -d - 4*d = -g*y + 42. What are the prime factors of y?
11
Suppose -12 = 3*h + h, 5*h = -m - 11. What are the prime factors of (-2 + 0)/(m/(-20))?
2, 5
Suppose 2*b = 87 - 23. What are the prime factors of b?
2
Suppose -3*x = -x. Suppose 1 = u - 5*c, 4*u - 2*c + 9 + 5 = x. Let i(a) = a**3 + 4*a**2 - 3*a. What are the prime factors of i(u)?
2, 3
Suppose 247 = -a + 2*a. What are the prime factors of a?
13, 19
Let j = 51 - 45. What are the prime factors of j?
2, 3
Suppose -a + 4*m = -2, -3*m = 5*a - 2*m - 52. What are the prime factors of a?
2, 5
Suppose 3*s - 303 = 3*l, 3*s + l - 307 = 3*l. List the prime factors of s.
3, 5, 7
Let y be (12/9)/(3/9). Let n(g) = 6 - 2*g - 15*g + 14 - g**2 + y*g. What are the prime factors of n(-14)?
2, 3
Let n(m) = m**3 - 9*m**2 - 18*m + 22. What are the prime factors of n(12)?
2, 7, 17
Suppose -m + 5*m = -g + 31, -229 = -4*g + 5*m. List the prime factors of g.
3, 17
Suppose 7*h - 5*h - 10 = 0. Suppose 0*j - 20 = -5*j. Suppose -j*s + 45 = h. List the prime factors of s.
2, 5
Let m be -1 + 7 - (-2 - 0). Suppose -g = -m + 4. Suppose g*p = -4*q + 40, -7 - 9 = -4*q. What are the prime factors of p?
2, 3
What are the prime factors of 83 + (-9)/(18/(-8))?
3, 29
List the prime factors of ((-3)/(9/283))/(7/(-21)).
283
Let l(v) 